{"id":1212,"date":"2016-10-11T10:17:47","date_gmt":"2016-10-11T08:17:47","guid":{"rendered":"http:\/\/reitbauernhof.com.w015030a.kasserver.com\/wp-content\/uploads\/almhuette-grossarl-salzburger-land-1.jpg"},"modified":"2016-10-11T10:17:47","modified_gmt":"2016-10-11T08:17:47","slug":"almhuette-grossarl-salzburger-land-1-2","status":"inherit","type":"attachment","link":"https:\/\/www.reitbauernhof.com\/en\/self-catering-chalet-grossarl\/almhuette-grossarl-salzburger-land-1-2\/","title":{"rendered":"Almh\u00fctte in Gro\u00dfarl, Salzburger Land, f\u00fcr 2 \u2013\u00a06 Personen \u2013\u00a0Reitbauernhof"},"author":1,"featured_media":0,"comment_status":"closed","ping_status":"closed","template":"","meta":[],"class_list":["post-1212","attachment","type-attachment","status-inherit","hentry"],"yoast_head":"<!-- This site is optimized with the Yoast SEO plugin v27.4 - https:\/\/yoast.com\/product\/yoast-seo-wordpress\/ -->\n<title>Almh\u00fctte in Gro\u00dfarl, Salzburger Land, f\u00fcr 2 \u2013\u00a06 Personen \u2013\u00a0Reitbauernhof - Reitbauernhof Gro\u00dfarl<\/title>\n<meta name=\"robots\" content=\"index, follow, max-snippet:-1, max-image-preview:large, max-video-preview:-1\" \/>\n<link rel=\"canonical\" href=\"https:\/\/www.reitbauernhof.com\/wp-content\/uploads\/almhuette-grossarl-salzburger-land-1.jpg\" \/>\n<meta property=\"og:locale\" content=\"en_US\" \/>\n<meta property=\"og:type\" content=\"article\" \/>\n<meta property=\"og:title\" content=\"Almh\u00fctte in Gro\u00dfarl, Salzburger Land, f\u00fcr 2 \u2013\u00a06 Personen \u2013\u00a0Reitbauernhof - Reitbauernhof Gro\u00dfarl\" \/>\n<meta property=\"og:url\" content=\"https:\/\/www.reitbauernhof.com\/wp-content\/uploads\/almhuette-grossarl-salzburger-land-1.jpg\" \/>\n<meta property=\"og:site_name\" content=\"Reitbauernhof Gro\u00dfarl\" \/>\n<meta property=\"og:image\" content=\"https:\/\/www.reitbauernhof.com\/wp-content\/uploads\/almhuette-grossarl-salzburger-land-1.jpg\" \/>\n\t<meta property=\"og:image:width\" content=\"1920\" \/>\n\t<meta property=\"og:image:height\" content=\"1000\" \/>\n\t<meta property=\"og:image:type\" content=\"image\/jpeg\" \/>\n<script type=\"application\/ld+json\" class=\"yoast-schema-graph\">{\"@context\":\"https:\\\/\\\/schema.org\",\"@graph\":[{\"@type\":\"WebPage\",\"@id\":\"https:\\\/\\\/www.reitbauernhof.com\\\/wp-content\\\/uploads\\\/almhuette-grossarl-salzburger-land-1.jpg\",\"url\":\"https:\\\/\\\/www.reitbauernhof.com\\\/wp-content\\\/uploads\\\/almhuette-grossarl-salzburger-land-1.jpg\",\"name\":\"Almh\u00fctte in Gro\u00dfarl, Salzburger Land, f\u00fcr 2 \u2013\u00a06 Personen \u2013\u00a0Reitbauernhof - Reitbauernhof Gro\u00dfarl\",\"isPartOf\":{\"@id\":\"https:\\\/\\\/www.reitbauernhof.com\\\/en\\\/#website\"},\"datePublished\":\"2016-10-11T08:17:47+00:00\",\"breadcrumb\":{\"@id\":\"https:\\\/\\\/www.reitbauernhof.com\\\/wp-content\\\/uploads\\\/almhuette-grossarl-salzburger-land-1.jpg#breadcrumb\"},\"inLanguage\":\"en-US\",\"potentialAction\":[{\"@type\":\"ReadAction\",\"target\":[\"https:\\\/\\\/www.reitbauernhof.com\\\/wp-content\\\/uploads\\\/almhuette-grossarl-salzburger-land-1.jpg\"]}]},{\"@type\":\"BreadcrumbList\",\"@id\":\"https:\\\/\\\/www.reitbauernhof.com\\\/wp-content\\\/uploads\\\/almhuette-grossarl-salzburger-land-1.jpg#breadcrumb\",\"itemListElement\":[{\"@type\":\"ListItem\",\"position\":1,\"name\":\"Startseite\",\"item\":\"https:\\\/\\\/www.reitbauernhof.com\\\/en\\\/\"},{\"@type\":\"ListItem\",\"position\":2,\"name\":\"Self-catering Chalet\",\"item\":\"https:\\\/\\\/www.reitbauernhof.com\\\/selbstversorgerhuette-chalet-grossarl\\\/\"},{\"@type\":\"ListItem\",\"position\":3,\"name\":\"Almh\u00fctte in Gro\u00dfarl, Salzburger Land, f\u00fcr 2 \u2013\u00a06 Personen \u2013\u00a0Reitbauernhof\"}]},{\"@type\":\"WebSite\",\"@id\":\"https:\\\/\\\/www.reitbauernhof.com\\\/en\\\/#website\",\"url\":\"https:\\\/\\\/www.reitbauernhof.com\\\/en\\\/\",\"name\":\"Reitbauernhof Gro\u00dfarl\",\"description\":\"Urlaub am Bauernhof in Gro\u00dfarl\",\"potentialAction\":[{\"@type\":\"SearchAction\",\"target\":{\"@type\":\"EntryPoint\",\"urlTemplate\":\"https:\\\/\\\/www.reitbauernhof.com\\\/en\\\/?s={search_term_string}\"},\"query-input\":{\"@type\":\"PropertyValueSpecification\",\"valueRequired\":true,\"valueName\":\"search_term_string\"}}],\"inLanguage\":\"en-US\"}]}<\/script>\n<!-- \/ Yoast SEO plugin. -->","yoast_head_json":{"title":"Almh\u00fctte in Gro\u00dfarl, Salzburger Land, f\u00fcr 2 \u2013\u00a06 Personen \u2013\u00a0Reitbauernhof - Reitbauernhof Gro\u00dfarl","robots":{"index":"index","follow":"follow","max-snippet":"max-snippet:-1","max-image-preview":"max-image-preview:large","max-video-preview":"max-video-preview:-1"},"canonical":"https:\/\/www.reitbauernhof.com\/wp-content\/uploads\/almhuette-grossarl-salzburger-land-1.jpg","og_locale":"en_US","og_type":"article","og_title":"Almh\u00fctte in Gro\u00dfarl, Salzburger Land, f\u00fcr 2 \u2013\u00a06 Personen \u2013\u00a0Reitbauernhof - Reitbauernhof Gro\u00dfarl","og_url":"https:\/\/www.reitbauernhof.com\/wp-content\/uploads\/almhuette-grossarl-salzburger-land-1.jpg","og_site_name":"Reitbauernhof Gro\u00dfarl","og_image":[{"width":1920,"height":1000,"url":"https:\/\/www.reitbauernhof.com\/wp-content\/uploads\/almhuette-grossarl-salzburger-land-1.jpg","type":"image\/jpeg"}],"schema":{"@context":"https:\/\/schema.org","@graph":[{"@type":"WebPage","@id":"https:\/\/www.reitbauernhof.com\/wp-content\/uploads\/almhuette-grossarl-salzburger-land-1.jpg","url":"https:\/\/www.reitbauernhof.com\/wp-content\/uploads\/almhuette-grossarl-salzburger-land-1.jpg","name":"Almh\u00fctte in Gro\u00dfarl, Salzburger Land, f\u00fcr 2 \u2013\u00a06 Personen \u2013\u00a0Reitbauernhof - Reitbauernhof Gro\u00dfarl","isPartOf":{"@id":"https:\/\/www.reitbauernhof.com\/en\/#website"},"datePublished":"2016-10-11T08:17:47+00:00","breadcrumb":{"@id":"https:\/\/www.reitbauernhof.com\/wp-content\/uploads\/almhuette-grossarl-salzburger-land-1.jpg#breadcrumb"},"inLanguage":"en-US","potentialAction":[{"@type":"ReadAction","target":["https:\/\/www.reitbauernhof.com\/wp-content\/uploads\/almhuette-grossarl-salzburger-land-1.jpg"]}]},{"@type":"BreadcrumbList","@id":"https:\/\/www.reitbauernhof.com\/wp-content\/uploads\/almhuette-grossarl-salzburger-land-1.jpg#breadcrumb","itemListElement":[{"@type":"ListItem","position":1,"name":"Startseite","item":"https:\/\/www.reitbauernhof.com\/en\/"},{"@type":"ListItem","position":2,"name":"Self-catering Chalet","item":"https:\/\/www.reitbauernhof.com\/selbstversorgerhuette-chalet-grossarl\/"},{"@type":"ListItem","position":3,"name":"Almh\u00fctte in Gro\u00dfarl, Salzburger Land, f\u00fcr 2 \u2013\u00a06 Personen \u2013\u00a0Reitbauernhof"}]},{"@type":"WebSite","@id":"https:\/\/www.reitbauernhof.com\/en\/#website","url":"https:\/\/www.reitbauernhof.com\/en\/","name":"Reitbauernhof Gro\u00dfarl","description":"Urlaub am Bauernhof in Gro\u00dfarl","potentialAction":[{"@type":"SearchAction","target":{"@type":"EntryPoint","urlTemplate":"https:\/\/www.reitbauernhof.com\/en\/?s={search_term_string}"},"query-input":{"@type":"PropertyValueSpecification","valueRequired":true,"valueName":"search_term_string"}}],"inLanguage":"en-US"}]}},"smush":{"stats":{"percent":33.9006570590112374929958605207502841949462890625,"bytes":606597,"size_before":1789337,"size_after":1182740,"time":4.0999999999999996447286321199499070644378662109375,"api_version":"1.0","lossy":true,"keep_exif":0},"sizes":{"thumbnail":{"percent":34.27000000000000312638803734444081783294677734375,"bytes":9860,"size_before":28772,"size_after":18912,"time":0.059999999999999997779553950749686919152736663818359375},"medium":{"percent":32.5,"bytes":21298,"size_before":65535,"size_after":44237,"time":0.179999999999999993338661852249060757458209991455078125},"medium_large":{"percent":32.5499999999999971578290569595992565155029296875,"bytes":40886,"size_before":125595,"size_after":84709,"time":0.2300000000000000099920072216264088638126850128173828125},"large":{"percent":32.82000000000000028421709430404007434844970703125,"bytes":74409,"size_before":226743,"size_after":152334,"time":0.64000000000000001332267629550187848508358001708984375},"post-thumbnail":{"percent":32.590000000000003410605131648480892181396484375,"bytes":47988,"size_before":147268,"size_after":99280,"time":0.409999999999999975575093458246556110680103302001953125},"small":{"percent":33.3599999999999994315658113919198513031005859375,"bytes":11503,"size_before":34480,"size_after":22977,"time":0.08000000000000000166533453693773481063544750213623046875},"big":{"percent":32.50999999999999801048033987171947956085205078125,"bytes":91708,"size_before":282085,"size_after":190377,"time":0.460000000000000019984014443252817727625370025634765625},"full":{"percent":35.14999999999999857891452847979962825775146484375,"bytes":308945,"size_before":878859,"size_after":569914,"time":2.04000000000000003552713678800500929355621337890625}}},"description":{"rendered":"<p class=\"attachment\"><a href='https:\/\/www.reitbauernhof.com\/wp-content\/uploads\/almhuette-grossarl-salzburger-land-1.jpg' title=\"\" data-rl_title=\"\" class=\"rl-gallery-link\" data-rl_caption=\"\" data-rel=\"lightbox-gallery-0\"><img decoding=\"async\" width=\"550\" height=\"286\" src=\"https:\/\/www.reitbauernhof.com\/wp-content\/uploads\/almhuette-grossarl-salzburger-land-1-550x286.jpg\" class=\"attachment-medium size-medium\" alt=\"\" srcset=\"https:\/\/www.reitbauernhof.com\/wp-content\/uploads\/almhuette-grossarl-salzburger-land-1-550x286.jpg 550w, https:\/\/www.reitbauernhof.com\/wp-content\/uploads\/almhuette-grossarl-salzburger-land-1-768x400.jpg 768w, https:\/\/www.reitbauernhof.com\/wp-content\/uploads\/almhuette-grossarl-salzburger-land-1-1024x533.jpg 1024w, https:\/\/www.reitbauernhof.com\/wp-content\/uploads\/almhuette-grossarl-salzburger-land-1-825x430.jpg 825w, https:\/\/www.reitbauernhof.com\/wp-content\/uploads\/almhuette-grossarl-salzburger-land-1-390x203.jpg 390w, https:\/\/www.reitbauernhof.com\/wp-content\/uploads\/almhuette-grossarl-salzburger-land-1-250x130.jpg 250w, https:\/\/www.reitbauernhof.com\/wp-content\/uploads\/almhuette-grossarl-salzburger-land-1-600x313.jpg 600w, https:\/\/www.reitbauernhof.com\/wp-content\/uploads\/almhuette-grossarl-salzburger-land-1-1140x594.jpg 1140w, https:\/\/www.reitbauernhof.com\/wp-content\/uploads\/almhuette-grossarl-salzburger-land-1.jpg 1920w\" sizes=\"(max-width: 550px) 100vw, 550px\" \/><\/a><\/p>\n"},"caption":{"rendered":"\n<p><a class=\"readmore btn btn-default btn-default btn-block\" href=\"https:\/\/www.reitbauernhof.com\/en\/self-catering-chalet-grossarl\/almhuette-grossarl-salzburger-land-1-2\/\">Read More<\/a><\/p>"},"alt_text":"","media_type":"image","mime_type":"image\/jpeg","media_details":{"width":1920,"height":1000,"file":"almhuette-grossarl-salzburger-land-1.jpg","sizes":{"thumbnail":{"file":"almhuette-grossarl-salzburger-land-1-250x250.jpg","width":250,"height":250,"mime_type":"image\/jpeg","source_url":"https:\/\/www.reitbauernhof.com\/wp-content\/uploads\/almhuette-grossarl-salzburger-land-1-250x250.jpg"},"medium":{"file":"almhuette-grossarl-salzburger-land-1-550x286.jpg","width":550,"height":286,"mime_type":"image\/jpeg","source_url":"https:\/\/www.reitbauernhof.com\/wp-content\/uploads\/almhuette-grossarl-salzburger-land-1-550x286.jpg"},"medium_large":{"file":"almhuette-grossarl-salzburger-land-1-768x400.jpg","width":768,"height":400,"mime_type":"image\/jpeg","source_url":"https:\/\/www.reitbauernhof.com\/wp-content\/uploads\/almhuette-grossarl-salzburger-land-1-768x400.jpg"},"large":{"file":"almhuette-grossarl-salzburger-land-1-1024x533.jpg","width":1024,"height":533,"mime_type":"image\/jpeg","source_url":"https:\/\/www.reitbauernhof.com\/wp-content\/uploads\/almhuette-grossarl-salzburger-land-1-1024x533.jpg"},"post-thumbnail":{"file":"almhuette-grossarl-salzburger-land-1-825x430.jpg","width":825,"height":430,"mime_type":"image\/jpeg","source_url":"https:\/\/www.reitbauernhof.com\/wp-content\/uploads\/almhuette-grossarl-salzburger-land-1-825x430.jpg"},"small":{"file":"almhuette-grossarl-salzburger-land-1-390x203.jpg","width":390,"height":203,"mime_type":"image\/jpeg","source_url":"https:\/\/www.reitbauernhof.com\/wp-content\/uploads\/almhuette-grossarl-salzburger-land-1-390x203.jpg"},"port-thumb":{"file":"almhuette-grossarl-salzburger-land-1-250x130.jpg","width":250,"height":130,"mime_type":"image\/jpeg","source_url":"https:\/\/www.reitbauernhof.com\/wp-content\/uploads\/almhuette-grossarl-salzburger-land-1-250x130.jpg"},"port-full":{"file":"almhuette-grossarl-salzburger-land-1-600x313.jpg","width":600,"height":313,"mime_type":"image\/jpeg","source_url":"https:\/\/www.reitbauernhof.com\/wp-content\/uploads\/almhuette-grossarl-salzburger-land-1-600x313.jpg"},"big":{"file":"almhuette-grossarl-salzburger-land-1-1140x594.jpg","width":1140,"height":594,"mime_type":"image\/jpeg","source_url":"https:\/\/www.reitbauernhof.com\/wp-content\/uploads\/almhuette-grossarl-salzburger-land-1-1140x594.jpg"},"full":{"file":"almhuette-grossarl-salzburger-land-1.jpg","width":1920,"height":1000,"mime_type":"image\/jpeg","source_url":"https:\/\/www.reitbauernhof.com\/wp-content\/uploads\/almhuette-grossarl-salzburger-land-1.jpg"}},"image_meta":{"aperture":"0","credit":"","camera":"","caption":"","created_timestamp":"0","copyright":"Gruber Michael    5611 Grossarl 98","focal_length":"0","iso":"0","shutter_speed":"0","title":"","orientation":"0","keywords":[]}},"post":1207,"source_url":"https:\/\/www.reitbauernhof.com\/wp-content\/uploads\/almhuette-grossarl-salzburger-land-1.jpg","_links":{"self":[{"href":"https:\/\/www.reitbauernhof.com\/en\/wp-json\/wp\/v2\/media\/1212","targetHints":{"allow":["GET"]}}],"collection":[{"href":"https:\/\/www.reitbauernhof.com\/en\/wp-json\/wp\/v2\/media"}],"about":[{"href":"https:\/\/www.reitbauernhof.com\/en\/wp-json\/wp\/v2\/types\/attachment"}],"author":[{"embeddable":true,"href":"https:\/\/www.reitbauernhof.com\/en\/wp-json\/wp\/v2\/users\/1"}],"wp:attached-to":[{"embeddable":true,"post_type":"page","id":1207,"href":"https:\/\/www.reitbauernhof.com\/en\/wp-json\/wp\/v2\/pages\/1207"}],"curies":[{"name":"wp","href":"https:\/\/api.w.org\/{rel}","templated":true}]}}

Almhütte in Großarl, Salzburger Land, für 2 – 6 Personen – Reitbauernhof

<!-- This site is optimized with the Yoast SEO plugin v27.4 - https://yoast.com/product/yoast-seo-wordpress/ -->
<title>Almhütte in Großarl, Salzburger Land, für 2 – 6 Personen – Reitbauernhof - Reitbauernhof Großarl</title>
<meta name="robots" content="index, follow, max-snippet:-1, max-image-preview:large, max-video-preview:-1" />
<link rel="canonical" href="https://www.reitbauernhof.com/wp-content/uploads/almhuette-grossarl-salzburger-land-1.jpg" />
<meta property="og:locale" content="en_US" />
<meta property="og:type" content="article" />
<meta property="og:title" content="Almhütte in Großarl, Salzburger Land, für 2 – 6 Personen – Reitbauernhof - Reitbauernhof Großarl" />
<meta property="og:url" content="https://www.reitbauernhof.com/wp-content/uploads/almhuette-grossarl-salzburger-land-1.jpg" />
<meta property="og:site_name" content="Reitbauernhof Großarl" />
<meta property="og:image" content="https://www.reitbauernhof.com/wp-content/uploads/almhuette-grossarl-salzburger-land-1.jpg" />
	<meta property="og:image:width" content="1920" />
	<meta property="og:image:height" content="1000" />
	<meta property="og:image:type" content="image/jpeg" />
<script type="application/ld+json" class="yoast-schema-graph">{"@context":"https:\/\/schema.org","@graph":[{"@type":"WebPage","@id":"https:\/\/www.reitbauernhof.com\/wp-content\/uploads\/almhuette-grossarl-salzburger-land-1.jpg","url":"https:\/\/www.reitbauernhof.com\/wp-content\/uploads\/almhuette-grossarl-salzburger-land-1.jpg","name":"Almhütte in Großarl, Salzburger Land, für 2 – 6 Personen – Reitbauernhof - Reitbauernhof Großarl","isPartOf":{"@id":"https:\/\/www.reitbauernhof.com\/en\/#website"},"datePublished":"2016-10-11T08:17:47+00:00","breadcrumb":{"@id":"https:\/\/www.reitbauernhof.com\/wp-content\/uploads\/almhuette-grossarl-salzburger-land-1.jpg#breadcrumb"},"inLanguage":"en-US","potentialAction":[{"@type":"ReadAction","target":["https:\/\/www.reitbauernhof.com\/wp-content\/uploads\/almhuette-grossarl-salzburger-land-1.jpg"]}]},{"@type":"BreadcrumbList","@id":"https:\/\/www.reitbauernhof.com\/wp-content\/uploads\/almhuette-grossarl-salzburger-land-1.jpg#breadcrumb","itemListElement":[{"@type":"ListItem","position":1,"name":"Startseite","item":"https:\/\/www.reitbauernhof.com\/en\/"},{"@type":"ListItem","position":2,"name":"Self-catering Chalet","item":"https:\/\/www.reitbauernhof.com\/selbstversorgerhuette-chalet-grossarl\/"},{"@type":"ListItem","position":3,"name":"Almhütte in Großarl, Salzburger Land, für 2 – 6 Personen – Reitbauernhof"}]},{"@type":"WebSite","@id":"https:\/\/www.reitbauernhof.com\/en\/#website","url":"https:\/\/www.reitbauernhof.com\/en\/","name":"Reitbauernhof Großarl","description":"Urlaub am Bauernhof in Großarl","potentialAction":[{"@type":"SearchAction","target":{"@type":"EntryPoint","urlTemplate":"https:\/\/www.reitbauernhof.com\/en\/?s={search_term_string}"},"query-input":{"@type":"PropertyValueSpecification","valueRequired":true,"valueName":"search_term_string"}}],"inLanguage":"en-US"}]}</script>
<!-- / Yoast SEO plugin. -->

Almhütte in Großarl, Salzburger Land, für 2 – 6 Personen – Reitbauernhof - Reitbauernhof Großarl

Reitbauernhof Großarl

Urlaub am Bauernhof in Großarl
