{"id":1286,"date":"2016-12-14T16:45:15","date_gmt":"2016-12-14T15:45:15","guid":{"rendered":"http:\/\/www.reitbauernhof.com\/wp-content\/uploads\/zimmer-gro\u00dfarl-reitbauernhof-1.jpg"},"modified":"2016-12-14T16:45:15","modified_gmt":"2016-12-14T15:45:15","slug":"zimmer-grossarl-reitbauernhof-1-2","status":"inherit","type":"attachment","link":"https:\/\/www.reitbauernhof.com\/en\/home\/zimmer-grossarl-reitbauernhof-1-2\/","title":{"rendered":"Zimmer in Gro\u00dfarl, Salzburger Land, Ski amad\u00e9 &#8211; Reitbauernhof"},"author":1,"featured_media":0,"comment_status":"closed","ping_status":"closed","template":"","meta":[],"class_list":["post-1286","attachment","type-attachment","status-inherit","hentry"],"yoast_head":"<!-- This site is optimized with the Yoast SEO plugin v27.4 - https:\/\/yoast.com\/product\/yoast-seo-wordpress\/ -->\n<title>Zimmer in Gro\u00dfarl, Salzburger Land, Ski amad\u00e9 - Reitbauernhof - Reitbauernhof Gro\u00dfarl<\/title>\n<meta name=\"robots\" content=\"index, follow, max-snippet:-1, max-image-preview:large, max-video-preview:-1\" \/>\n<link rel=\"canonical\" href=\"https:\/\/www.reitbauernhof.com\/wp-content\/uploads\/zimmer-gro\u00dfarl-reitbauernhof-1.jpg\" \/>\n<meta property=\"og:locale\" content=\"en_US\" \/>\n<meta property=\"og:type\" content=\"article\" \/>\n<meta property=\"og:title\" content=\"Zimmer in Gro\u00dfarl, Salzburger Land, Ski amad\u00e9 - Reitbauernhof - Reitbauernhof Gro\u00dfarl\" \/>\n<meta property=\"og:url\" content=\"https:\/\/www.reitbauernhof.com\/wp-content\/uploads\/zimmer-gro\u00dfarl-reitbauernhof-1.jpg\" \/>\n<meta property=\"og:site_name\" content=\"Reitbauernhof Gro\u00dfarl\" \/>\n<meta property=\"og:image\" content=\"https:\/\/www.reitbauernhof.com\/wp-content\/uploads\/zimmer-gro\u00dfarl-reitbauernhof-1.jpg\" \/>\n\t<meta property=\"og:image:width\" content=\"800\" \/>\n\t<meta property=\"og:image:height\" content=\"485\" \/>\n\t<meta property=\"og:image:type\" content=\"image\/jpeg\" \/>\n<script type=\"application\/ld+json\" class=\"yoast-schema-graph\">{\"@context\":\"https:\\\/\\\/schema.org\",\"@graph\":[{\"@type\":\"WebPage\",\"@id\":\"https:\\\/\\\/www.reitbauernhof.com\\\/wp-content\\\/uploads\\\/zimmer-gro\u00dfarl-reitbauernhof-1.jpg\",\"url\":\"https:\\\/\\\/www.reitbauernhof.com\\\/wp-content\\\/uploads\\\/zimmer-gro\u00dfarl-reitbauernhof-1.jpg\",\"name\":\"Zimmer in Gro\u00dfarl, Salzburger Land, Ski amad\u00e9 - Reitbauernhof - Reitbauernhof Gro\u00dfarl\",\"isPartOf\":{\"@id\":\"https:\\\/\\\/www.reitbauernhof.com\\\/en\\\/#website\"},\"datePublished\":\"2016-12-14T15:45:15+00:00\",\"breadcrumb\":{\"@id\":\"https:\\\/\\\/www.reitbauernhof.com\\\/wp-content\\\/uploads\\\/zimmer-gro\u00dfarl-reitbauernhof-1.jpg#breadcrumb\"},\"inLanguage\":\"en-US\",\"potentialAction\":[{\"@type\":\"ReadAction\",\"target\":[\"https:\\\/\\\/www.reitbauernhof.com\\\/wp-content\\\/uploads\\\/zimmer-gro\u00dfarl-reitbauernhof-1.jpg\"]}]},{\"@type\":\"BreadcrumbList\",\"@id\":\"https:\\\/\\\/www.reitbauernhof.com\\\/wp-content\\\/uploads\\\/zimmer-gro\u00dfarl-reitbauernhof-1.jpg#breadcrumb\",\"itemListElement\":[{\"@type\":\"ListItem\",\"position\":1,\"name\":\"Startseite\",\"item\":\"https:\\\/\\\/www.reitbauernhof.com\\\/en\\\/\"},{\"@type\":\"ListItem\",\"position\":2,\"name\":\"Home\",\"item\":\"https:\\\/\\\/www.reitbauernhof.com\\\/en\\\/\"},{\"@type\":\"ListItem\",\"position\":3,\"name\":\"Zimmer in Gro\u00dfarl, Salzburger Land, Ski amad\u00e9 &#8211; Reitbauernhof\"}]},{\"@type\":\"WebSite\",\"@id\":\"https:\\\/\\\/www.reitbauernhof.com\\\/en\\\/#website\",\"url\":\"https:\\\/\\\/www.reitbauernhof.com\\\/en\\\/\",\"name\":\"Reitbauernhof Gro\u00dfarl\",\"description\":\"Urlaub am Bauernhof in Gro\u00dfarl\",\"potentialAction\":[{\"@type\":\"SearchAction\",\"target\":{\"@type\":\"EntryPoint\",\"urlTemplate\":\"https:\\\/\\\/www.reitbauernhof.com\\\/en\\\/?s={search_term_string}\"},\"query-input\":{\"@type\":\"PropertyValueSpecification\",\"valueRequired\":true,\"valueName\":\"search_term_string\"}}],\"inLanguage\":\"en-US\"}]}<\/script>\n<!-- \/ Yoast SEO plugin. -->","yoast_head_json":{"title":"Zimmer in Gro\u00dfarl, Salzburger Land, Ski amad\u00e9 - Reitbauernhof - Reitbauernhof Gro\u00dfarl","robots":{"index":"index","follow":"follow","max-snippet":"max-snippet:-1","max-image-preview":"max-image-preview:large","max-video-preview":"max-video-preview:-1"},"canonical":"https:\/\/www.reitbauernhof.com\/wp-content\/uploads\/zimmer-gro\u00dfarl-reitbauernhof-1.jpg","og_locale":"en_US","og_type":"article","og_title":"Zimmer in Gro\u00dfarl, Salzburger Land, Ski amad\u00e9 - Reitbauernhof - Reitbauernhof Gro\u00dfarl","og_url":"https:\/\/www.reitbauernhof.com\/wp-content\/uploads\/zimmer-gro\u00dfarl-reitbauernhof-1.jpg","og_site_name":"Reitbauernhof Gro\u00dfarl","og_image":[{"width":800,"height":485,"url":"https:\/\/www.reitbauernhof.com\/wp-content\/uploads\/zimmer-gro\u00dfarl-reitbauernhof-1.jpg","type":"image\/jpeg"}],"schema":{"@context":"https:\/\/schema.org","@graph":[{"@type":"WebPage","@id":"https:\/\/www.reitbauernhof.com\/wp-content\/uploads\/zimmer-gro\u00dfarl-reitbauernhof-1.jpg","url":"https:\/\/www.reitbauernhof.com\/wp-content\/uploads\/zimmer-gro\u00dfarl-reitbauernhof-1.jpg","name":"Zimmer in Gro\u00dfarl, Salzburger Land, Ski amad\u00e9 - Reitbauernhof - Reitbauernhof Gro\u00dfarl","isPartOf":{"@id":"https:\/\/www.reitbauernhof.com\/en\/#website"},"datePublished":"2016-12-14T15:45:15+00:00","breadcrumb":{"@id":"https:\/\/www.reitbauernhof.com\/wp-content\/uploads\/zimmer-gro\u00dfarl-reitbauernhof-1.jpg#breadcrumb"},"inLanguage":"en-US","potentialAction":[{"@type":"ReadAction","target":["https:\/\/www.reitbauernhof.com\/wp-content\/uploads\/zimmer-gro\u00dfarl-reitbauernhof-1.jpg"]}]},{"@type":"BreadcrumbList","@id":"https:\/\/www.reitbauernhof.com\/wp-content\/uploads\/zimmer-gro\u00dfarl-reitbauernhof-1.jpg#breadcrumb","itemListElement":[{"@type":"ListItem","position":1,"name":"Startseite","item":"https:\/\/www.reitbauernhof.com\/en\/"},{"@type":"ListItem","position":2,"name":"Home","item":"https:\/\/www.reitbauernhof.com\/en\/"},{"@type":"ListItem","position":3,"name":"Zimmer in Gro\u00dfarl, Salzburger Land, Ski amad\u00e9 &#8211; Reitbauernhof"}]},{"@type":"WebSite","@id":"https:\/\/www.reitbauernhof.com\/en\/#website","url":"https:\/\/www.reitbauernhof.com\/en\/","name":"Reitbauernhof Gro\u00dfarl","description":"Urlaub am Bauernhof in Gro\u00dfarl","potentialAction":[{"@type":"SearchAction","target":{"@type":"EntryPoint","urlTemplate":"https:\/\/www.reitbauernhof.com\/en\/?s={search_term_string}"},"query-input":{"@type":"PropertyValueSpecification","valueRequired":true,"valueName":"search_term_string"}}],"inLanguage":"en-US"}]}},"smush":{"stats":{"percent":30.313695545158903854598975158296525478363037109375,"bytes":78206,"size_before":257989,"size_after":179783,"time":0.7800000000000000266453525910037569701671600341796875,"api_version":"1.0","lossy":true,"keep_exif":0},"sizes":{"thumbnail":{"percent":32.780000000000001136868377216160297393798828125,"bytes":6049,"size_before":18454,"size_after":12405,"time":0.059999999999999997779553950749686919152736663818359375},"medium":{"percent":29.660000000000000142108547152020037174224853515625,"bytes":13447,"size_before":45336,"size_after":31889,"time":0.1000000000000000055511151231257827021181583404541015625},"medium_large":{"percent":28.3900000000000005684341886080801486968994140625,"bytes":21908,"size_before":77176,"size_after":55268,"time":0.270000000000000017763568394002504646778106689453125},"small":{"percent":31.589999999999999857891452847979962825775146484375,"bytes":8365,"size_before":26481,"size_after":18116,"time":0.0899999999999999966693309261245303787291049957275390625},"full":{"percent":31.410000000000000142108547152020037174224853515625,"bytes":28437,"size_before":90542,"size_after":62105,"time":0.2600000000000000088817841970012523233890533447265625}}},"description":{"rendered":"<p class=\"attachment\"><a href='https:\/\/www.reitbauernhof.com\/wp-content\/uploads\/zimmer-gro\u00dfarl-reitbauernhof-1.jpg' title=\"\" data-rl_title=\"\" class=\"rl-gallery-link\" data-rl_caption=\"\" data-rel=\"lightbox-gallery-0\"><img decoding=\"async\" width=\"550\" height=\"333\" src=\"https:\/\/www.reitbauernhof.com\/wp-content\/uploads\/zimmer-gro\u00dfarl-reitbauernhof-1-550x333.jpg\" class=\"attachment-medium size-medium\" alt=\"\" srcset=\"https:\/\/www.reitbauernhof.com\/wp-content\/uploads\/zimmer-gro\u00dfarl-reitbauernhof-1-550x333.jpg 550w, https:\/\/www.reitbauernhof.com\/wp-content\/uploads\/zimmer-gro\u00dfarl-reitbauernhof-1-768x466.jpg 768w, https:\/\/www.reitbauernhof.com\/wp-content\/uploads\/zimmer-gro\u00dfarl-reitbauernhof-1-390x236.jpg 390w, https:\/\/www.reitbauernhof.com\/wp-content\/uploads\/zimmer-gro\u00dfarl-reitbauernhof-1-250x152.jpg 250w, https:\/\/www.reitbauernhof.com\/wp-content\/uploads\/zimmer-gro\u00dfarl-reitbauernhof-1-600x364.jpg 600w, https:\/\/www.reitbauernhof.com\/wp-content\/uploads\/zimmer-gro\u00dfarl-reitbauernhof-1.jpg 800w\" sizes=\"(max-width: 550px) 100vw, 550px\" \/><\/a><\/p>\n"},"caption":{"rendered":"\n<p><a class=\"readmore btn btn-default btn-default btn-block\" href=\"https:\/\/www.reitbauernhof.com\/en\/home\/zimmer-grossarl-reitbauernhof-1-2\/\">Read More<\/a><\/p>"},"alt_text":"","media_type":"image","mime_type":"image\/jpeg","media_details":{"width":800,"height":485,"file":"zimmer-gro\u00dfarl-reitbauernhof-1.jpg","sizes":{"thumbnail":{"file":"zimmer-gro\u00dfarl-reitbauernhof-1-250x250.jpg","width":250,"height":250,"mime_type":"image\/jpeg","source_url":"https:\/\/www.reitbauernhof.com\/wp-content\/uploads\/zimmer-gro\u00dfarl-reitbauernhof-1-250x250.jpg"},"medium":{"file":"zimmer-gro\u00dfarl-reitbauernhof-1-550x333.jpg","width":550,"height":333,"mime_type":"image\/jpeg","source_url":"https:\/\/www.reitbauernhof.com\/wp-content\/uploads\/zimmer-gro\u00dfarl-reitbauernhof-1-550x333.jpg"},"medium_large":{"file":"zimmer-gro\u00dfarl-reitbauernhof-1-768x466.jpg","width":768,"height":466,"mime_type":"image\/jpeg","source_url":"https:\/\/www.reitbauernhof.com\/wp-content\/uploads\/zimmer-gro\u00dfarl-reitbauernhof-1-768x466.jpg"},"small":{"file":"zimmer-gro\u00dfarl-reitbauernhof-1-390x236.jpg","width":390,"height":236,"mime_type":"image\/jpeg","source_url":"https:\/\/www.reitbauernhof.com\/wp-content\/uploads\/zimmer-gro\u00dfarl-reitbauernhof-1-390x236.jpg"},"port-thumb":{"file":"zimmer-gro\u00dfarl-reitbauernhof-1-250x152.jpg","width":250,"height":152,"mime_type":"image\/jpeg","source_url":"https:\/\/www.reitbauernhof.com\/wp-content\/uploads\/zimmer-gro\u00dfarl-reitbauernhof-1-250x152.jpg"},"port-full":{"file":"zimmer-gro\u00dfarl-reitbauernhof-1-600x364.jpg","width":600,"height":364,"mime_type":"image\/jpeg","source_url":"https:\/\/www.reitbauernhof.com\/wp-content\/uploads\/zimmer-gro\u00dfarl-reitbauernhof-1-600x364.jpg"},"full":{"file":"zimmer-gro\u00dfarl-reitbauernhof-1.jpg","width":800,"height":485,"mime_type":"image\/jpeg","source_url":"https:\/\/www.reitbauernhof.com\/wp-content\/uploads\/zimmer-gro\u00dfarl-reitbauernhof-1.jpg"}},"image_meta":{"aperture":"0","credit":"","camera":"","caption":"","created_timestamp":"0","copyright":"Bernd Suppan","focal_length":"0","iso":"0","shutter_speed":"0","title":"","orientation":"0","keywords":[]}},"post":1279,"source_url":"https:\/\/www.reitbauernhof.com\/wp-content\/uploads\/zimmer-gro\u00dfarl-reitbauernhof-1.jpg","_links":{"self":[{"href":"https:\/\/www.reitbauernhof.com\/en\/wp-json\/wp\/v2\/media\/1286","targetHints":{"allow":["GET"]}}],"collection":[{"href":"https:\/\/www.reitbauernhof.com\/en\/wp-json\/wp\/v2\/media"}],"about":[{"href":"https:\/\/www.reitbauernhof.com\/en\/wp-json\/wp\/v2\/types\/attachment"}],"author":[{"embeddable":true,"href":"https:\/\/www.reitbauernhof.com\/en\/wp-json\/wp\/v2\/users\/1"}],"wp:attached-to":[{"embeddable":true,"post_type":"page","id":1279,"href":"https:\/\/www.reitbauernhof.com\/en\/wp-json\/wp\/v2\/pages\/1279"}],"curies":[{"name":"wp","href":"https:\/\/api.w.org\/{rel}","templated":true}]}}

http://www.reitbauernhof.com/wp-content/uploads/zimmer-großarl-reitbauernhof-1.jpg

Zimmer in Großarl, Salzburger Land, Ski amadé &#8211; Reitbauernhof

<!-- This site is optimized with the Yoast SEO plugin v27.4 - https://yoast.com/product/yoast-seo-wordpress/ -->
<title>Zimmer in Großarl, Salzburger Land, Ski amadé - Reitbauernhof - Reitbauernhof Großarl</title>
<meta name="robots" content="index, follow, max-snippet:-1, max-image-preview:large, max-video-preview:-1" />
<link rel="canonical" href="https://www.reitbauernhof.com/wp-content/uploads/zimmer-großarl-reitbauernhof-1.jpg" />
<meta property="og:locale" content="en_US" />
<meta property="og:type" content="article" />
<meta property="og:title" content="Zimmer in Großarl, Salzburger Land, Ski amadé - Reitbauernhof - Reitbauernhof Großarl" />
<meta property="og:url" content="https://www.reitbauernhof.com/wp-content/uploads/zimmer-großarl-reitbauernhof-1.jpg" />
<meta property="og:site_name" content="Reitbauernhof Großarl" />
<meta property="og:image" content="https://www.reitbauernhof.com/wp-content/uploads/zimmer-großarl-reitbauernhof-1.jpg" />
	<meta property="og:image:width" content="800" />
	<meta property="og:image:height" content="485" />
	<meta property="og:image:type" content="image/jpeg" />
<script type="application/ld+json" class="yoast-schema-graph">{"@context":"https:\/\/schema.org","@graph":[{"@type":"WebPage","@id":"https:\/\/www.reitbauernhof.com\/wp-content\/uploads\/zimmer-großarl-reitbauernhof-1.jpg","url":"https:\/\/www.reitbauernhof.com\/wp-content\/uploads\/zimmer-großarl-reitbauernhof-1.jpg","name":"Zimmer in Großarl, Salzburger Land, Ski amadé - Reitbauernhof - Reitbauernhof Großarl","isPartOf":{"@id":"https:\/\/www.reitbauernhof.com\/en\/#website"},"datePublished":"2016-12-14T15:45:15+00:00","breadcrumb":{"@id":"https:\/\/www.reitbauernhof.com\/wp-content\/uploads\/zimmer-großarl-reitbauernhof-1.jpg#breadcrumb"},"inLanguage":"en-US","potentialAction":[{"@type":"ReadAction","target":["https:\/\/www.reitbauernhof.com\/wp-content\/uploads\/zimmer-großarl-reitbauernhof-1.jpg"]}]},{"@type":"BreadcrumbList","@id":"https:\/\/www.reitbauernhof.com\/wp-content\/uploads\/zimmer-großarl-reitbauernhof-1.jpg#breadcrumb","itemListElement":[{"@type":"ListItem","position":1,"name":"Startseite","item":"https:\/\/www.reitbauernhof.com\/en\/"},{"@type":"ListItem","position":2,"name":"Home","item":"https:\/\/www.reitbauernhof.com\/en\/"},{"@type":"ListItem","position":3,"name":"Zimmer in Großarl, Salzburger Land, Ski amadé &#8211; Reitbauernhof"}]},{"@type":"WebSite","@id":"https:\/\/www.reitbauernhof.com\/en\/#website","url":"https:\/\/www.reitbauernhof.com\/en\/","name":"Reitbauernhof Großarl","description":"Urlaub am Bauernhof in Großarl","potentialAction":[{"@type":"SearchAction","target":{"@type":"EntryPoint","urlTemplate":"https:\/\/www.reitbauernhof.com\/en\/?s={search_term_string}"},"query-input":{"@type":"PropertyValueSpecification","valueRequired":true,"valueName":"search_term_string"}}],"inLanguage":"en-US"}]}</script>
<!-- / Yoast SEO plugin. -->

Zimmer in Großarl, Salzburger Land, Ski amadé - Reitbauernhof - Reitbauernhof Großarl

https://www.reitbauernhof.com/wp-content/uploads/zimmer-großarl-reitbauernhof-1.jpg

Reitbauernhof Großarl

https://www.reitbauernhof.com/wp-content/uploads/zimmer-großarl-reitbauernhof-1.jpg#breadcrumb

Urlaub am Bauernhof in Großarl

<p class="attachment"><a href='https://www.reitbauernhof.com/wp-content/uploads/zimmer-großarl-reitbauernhof-1.jpg' title="" data-rl_title="" class="rl-gallery-link" data-rl_caption="" data-rel="lightbox-gallery-0"><img decoding="async" width="550" height="333" src="https://www.reitbauernhof.com/wp-content/uploads/zimmer-großarl-reitbauernhof-1-550x333.jpg" class="attachment-medium size-medium" alt="" srcset="https://www.reitbauernhof.com/wp-content/uploads/zimmer-großarl-reitbauernhof-1-550x333.jpg 550w, https://www.reitbauernhof.com/wp-content/uploads/zimmer-großarl-reitbauernhof-1-768x466.jpg 768w, https://www.reitbauernhof.com/wp-content/uploads/zimmer-großarl-reitbauernhof-1-390x236.jpg 390w, https://www.reitbauernhof.com/wp-content/uploads/zimmer-großarl-reitbauernhof-1-250x152.jpg 250w, https://www.reitbauernhof.com/wp-content/uploads/zimmer-großarl-reitbauernhof-1-600x364.jpg 600w, https://www.reitbauernhof.com/wp-content/uploads/zimmer-großarl-reitbauernhof-1.jpg 800w" sizes="(max-width: 550px) 100vw, 550px" /></a></p>

zimmer-großarl-reitbauernhof-1.jpg

zimmer-großarl-reitbauernhof-1-250x250.jpg

https://www.reitbauernhof.com/wp-content/uploads/zimmer-großarl-reitbauernhof-1-250x250.jpg

zimmer-großarl-reitbauernhof-1-550x333.jpg

https://www.reitbauernhof.com/wp-content/uploads/zimmer-großarl-reitbauernhof-1-550x333.jpg

zimmer-großarl-reitbauernhof-1-768x466.jpg

https://www.reitbauernhof.com/wp-content/uploads/zimmer-großarl-reitbauernhof-1-768x466.jpg

zimmer-großarl-reitbauernhof-1-390x236.jpg

https://www.reitbauernhof.com/wp-content/uploads/zimmer-großarl-reitbauernhof-1-390x236.jpg

zimmer-großarl-reitbauernhof-1-250x152.jpg

https://www.reitbauernhof.com/wp-content/uploads/zimmer-großarl-reitbauernhof-1-250x152.jpg

zimmer-großarl-reitbauernhof-1-600x364.jpg

https://www.reitbauernhof.com/wp-content/uploads/zimmer-großarl-reitbauernhof-1-600x364.jpg
